1. Is z(-36) a composite number?
True
Let j(a) = 2*a**2 + 44*a + 165. Is j(-26) composite?
False
Let y(u) = 4*u - 4. Let g be y(-2). Let k be (6/9)/(g/234). Is k - -15 - (-184 - -1) composite?
True
Let w(c) = 29*c**2 + 96*c + 8. Is w(-19) prime?
False
Let o(j) = j**2 + 7*j - 12. Let s be o(-9). Let v(m) = -m - 6. Let y be v(s). Is 3 + y/4 + 397 a prime number?
True
Let p be (-14265)/(-18)*(105/(-25) - -5). Let i be (-1)/1 + 72*1. Suppose -i = t - p. Is t composite?
False
Suppose w = -w - 10, 4*j - 1456 = -4*w. Suppose 5*f - d = 4*d + 575, -j = -3*f - 5*d. Is f composite?
True
Let z be 50/425 + 87/(-17). Let s(c) = -18*c**3 - 2*c**2 + c - 6. Is s(z) a prime number?
False
Suppose -18*j = 12*j - 98970. Is j composite?
False
Let b(m) = 113*m**2 - 2*m - 8. Let y(q) = -38*q**2 + q + 3. Let t(v) = 4*b(v) + 11*y(v). Is t(4) composite?
False
Let h = -1111 - -1953. Suppose 4*r - 4485 = -3*o - 1127, -r - 2*o + h = 0. Suppose -r = 5*b - 7*b. Is b prime?
True
Suppose 0 = -6*w + 7*w - 116. Suppose -2*d = -206 - w. Is d prime?
False
Let y = -1212 - -4483. Is y prime?
True
Let g(a) = -25*a - 10. Let j be g(-8). Suppose -4*m = m - j. Let f = m - -8. Is f composite?
True
Let x = -44 - -44. Suppose 5*q - 4*n + 2*n - 3369 = 0, -5*q - 2*n + 3361 = x. Is q prime?
True
Let r = 13581 + -7132. Is r prime?
True
Let r(b) = -17*b**3 - b - 2. Let o be r(-1). Let h(d) = d**2 - 18*d + 15. Let i be h(o). Let z(q) = -3*q. Is z(i) prime?
False
Let x(m) = 2673*m**2 - 26*m - 53. Is x(-2) a composite number?
False
Let c(m) = -312*m**3 + 2*m**2 + m + 1. Let n = 49 + -51. Is c(n) a prime number?
True
Let k be (-38)/(-14) + 28/98. Let w(b) = -b**3 - b**2 - 5*b + 13. Let x be w(-6). Is x/(k/((-9)/(-3))) a prime number?
True
Let u be (-2)/(-3) + 1089/27. Let j = -14 + u. Let w = j + 28. Is w composite?
True
Suppose 6*n - 81933 = 9*n. Let l = -11446 - n. Is l/(-38)*(-2 + 0) composite?
True
Let h = -20 - -25. Let u(w) = 3*w**3 - 7*w**2 + 5. Is u(h) prime?
False
Is 15/(-5) - (2*6950)/(-1) composite?
True
Suppose 2*a - 98 = -3*x - 0*x, 5*a - x - 279 = 0. Suppose -a*w = -51*w - 12884. Is w a composite number?
False
Suppose 1568644 = 39*w + 322321. Is w a composite number?
False
Suppose 0 = 5*a + 5*q - 9565, -a + 4*a - 5763 = -9*q. Is a a prime number?
False
Let p(f) be the second derivative of -f**5/10 + f**4/3 + f**3/6 - 19*f**2/2 + 38*f. Is p(-10) composite?
False
Let f(h) = 250*h + 103. Is f(8) prime?
False
Let s = 1 + -1. Suppose 62 = b - 3*l - 126, -2*l - 2 = s. Is b composite?
True
Let r = 140 + 314. Is r a prime number?
False
Suppose 0 = -4*y + 7*y - 267. Let d(q) = 6*q**2 - q + 2. Let m be d(-4). Let v = m + y. Is v a composite number?
False
Suppose 12*w - 13742 = 24982. Is w prime?
False
Suppose 16*k - 2092 = -4*h + 14*k, -3*h = 2*k - 1569. Is h a composite number?
False
Suppose 0 = 3*j + j + x - 57, 5*j + 5*x - 60 = 0. Let p = -14 + j. Let q(c) = 68*c**3 + c**2 - 3*c + 1. Is q(p) a composite number?
False
Is (-12)/16*788904/(-54) composite?
False
Suppose 28*p = -400244 + 1594360. Is p a composite number?
True
Let a(c) = -c**2 + 19*c + 56. Let s be a(0). Suppose -3*q = -4*w + w - 1746, 0 = 3*q - 2*w - 1743. Let z = q + s. Is z prime?
False
Let t = -6 + 8. Suppose 5*o - 4*h = 30, t*o = 5*h + 29 - 0. Suppose o*j = j + 53. Is j a composite number?
False
Suppose 3*i - 39460 = -2*i. Suppose -4*f = -0*f - i. Is f composite?
False
Let a = -7583 - -24120. Is a a composite number?
True
Let d(i) be the first derivative of 2*i**2 - 2 - 7*i + 4/3*i**3. Is d(-7) a composite number?
True
Is ((-46)/(-1))/((-144)/(-216)) a prime number?
False
Suppose -3*n - 660 - 529 = 5*c, -476 = 2*c + n. Let y = c + 444. Is y composite?
True
Is ((-1)/(-9)*-16754)/(107/(-963)) prime?
False
Suppose 2*k + 0 = 2. Let t(p) = -5*p**2 + 6*p + 7*p**2 - 12 + k. Is t(-13) prime?
False
Suppose -4*s + 894 = a - 2047, 5*a + 2*s = 14615. Is a prime?
False
Let z be (-20025)/(-33) - (-4)/22. Suppose -z = -4*h + 237. Is h a composite number?
False
Suppose -5*r + 6508 = -2*x - 395, 0 = 2*x - 2. Is r prime?
True
Let v(b) = -900*b - 367. Is v(-10) a composite number?
True
Is 354835/53 + (-7 - -1) prime?
True
Let y be ((-610)/(-4))/(2/(-4)). Let l = y - -848. Is l a composite number?
True
Let w be -3 - 1 - (-15 + 4). Suppose 0 = -w*c - c + 1064. Is c a composite number?
True
Let x(y) = 7*y**2 + 10*y + 11. Let c be (3 - (-24)/(-4)) + 3. Suppose -h - 8 = -c*h. Is x(h) composite?
False
Suppose 39*a - 65082 = 41076. Is a composite?
True
Suppose -2*m = -8*m + 2262. Suppose m = w - 1096. Is w a prime number?
False
Let s(l) = 2*l**2 - 14*l - 23. Let k be ((-16)/(-28))/((-2)/(-7)). Let j be -1*-1*(k - -15). Is s(j) a composite number?
False
Suppose 0 = 4*m - 4 - 16. Let w = -3 - -8. Suppose -w*a + m*o + 545 = 0, -2*a - 3*o + 339 = a. Is a a prime number?
False
Let x = 38257 + -22328. Is x composite?
True
Suppose 0 = -2*f + f + 3*q + 7, 15 = 4*f + q. Let c be f/(-4)*255/(-1). Suppose -w = -5*t - 95, 2*w - c + 65 = 3*t. Is w a prime number?
False
Let s be -22*148/32*4. Let f = -198 - s. Is f a prime number?
False
Suppose -44*y - 1528 = -52*y. Let a(z) = -5*z**2 + z - 2. Let k be a(-5). Let t = y + k. Is t a composite number?
False
Is (818/4)/(((-46)/(-20))/23) a prime number?
False
Let u = -43 - -115. Let g = 131 + u. Is g a prime number?
False
Let q(a) = -991*a + 5. Is q(-6) a prime number?
False
Let t(a) = 48*a - 2. Let y be t(10). Let l = 1003 + y. Is l a prime number?
True
Suppose -24 = -0*o + 2*o. Let y be (o/36)/((-2)/24). Suppose -y*f + 759 - 107 = 0. Is f prime?
True
Suppose 2*q - 1524 = -5*z, -z - 3839 = -5*q + z. Let d = q + -448. Is d prime?
False
Let y be 6*((-42)/(-9) - 4). Is (y/(-10))/(2/(-3545)) a prime number?
True
Is ((-862)/2)/((-196)/21 + 9) prime?
False
Let f(n) = 53*n - 15. Let k be (((-80)/15)/(-4))/((-2)/(-12)). Is f(k) composite?
False
Let g = 29 - 29. Suppose 5*x - 185 = -g*x. Is x a composite number?
False
Is (97442/16 - 1) + 5/(-40) a prime number?
True
Is -10 - -7 - (-10 - 34614) a prime number?
False
Let h = 532 - 280. Let t = 583 - h. Is t composite?
False
Suppose 133*o = -138120 + 5380847. Is o composite?
False
Suppose 25*v - 30*v = 0. Suppose -5*o - 6*i + 4490 = -4*i, -3*o - i + 2694 = v. Is o prime?
False
Suppose 103*x - 108*x - 40381 = -4*d, d - 5*x = 10084. Is d a prime number?
True
Suppose -4*y + 4*i + 10747 = i, -i - 1 = 0. Suppose -y = -4*k - 4*g + 3*g, -679 = -k - 4*g. Is k a composite number?
True
Is -1555*12/(-21) - (-30)/70 a prime number?
False
Let u be ((-8)/(-6))/((-12)/(-18)). Let y = 1 + u. Suppose -584 = -y*h - 155. Is h a prime number?
False
Suppose 3*z - z = 3*a + 17, -4*z = -5*a - 31. Let c be 4 + (-1 - a - 1). Suppose 4*n - q - 1342 = 0, -2*n = -c*q - 920 + 240. Is n prime?
False
Suppose -330*q + 92709 = -321*q. Is q a prime number?
True
Suppose -w - 181 = 2*x, 0*x - 4*w = -4*x - 344. Let u = x - -228. Is u a composite number?
False
Let w(c) = -3*c + 4. Let i = 25 - 18. Suppose -3*t + i*t = -40. Is w(t) a composite number?
True
Suppose -g = 6*c - 2*c - 24, -3*c + 12 = 0. Suppose 5*v - g = 7*v. Is 1206/(-27)*42/v a composite number?
True
Let n(t) = t**2 - 13*t + 40. Let j be n(5). Suppose 0 = -2*v + 4*v - g - 254, 3*v - 3*g - 381 = j. Is v a composite number?
False
Let f(d) = -421*d**2 - 36*d - 174. Let n(x) = -84*x**2 - 7*x - 35. Let y(m) = 2*f(m) - 11*n(m). Is y(-4) a prime number?
False
Let l(u) = 11 - 10*u + 17*u + 18*u + 9*u. Let m be l(6). Suppose 5*a - m = -4*s, 4*s - 221 = -a + 2*a. Is s composite?
True
Is (-3)/(-81)*8727 - 6/27 a prime number?
False
Let y be 2 + (2877/(-3) - 2). Let h = y + 4222. Is h composite?
True
Suppose 4*x = -f + 6 - 3, -f + 3*x = -3. Suppose -f*d + 5717 = 2*u, -2*u - d + 3*d + 5732 = 0. Is u prime?
False
Suppose -f = 2*o + 63, 0 = -6*o + 7*o + f + 33. Let m(y) = 23*y - 2. Let k be m(3). Let z = k + o. Is z a composite number?
False
Suppose n = 5*s - 2*n - 34, 0 = -3*s - 2*n + 28. Let p be 0 + 290 + (8 - s). Suppose 255 = 5*b - p. Is b composite?
False
Suppose -3*z - 4*f = z - 108, 25 = 5*f. Let b(n) = -3 + 105*n + 65*n - z*n. Is b(2) a composite number?
False
Suppose t + 2*y - 13337 + 448 = 0, -4*y = -4*t + 51580. Is t composite?
False
Let v(s) = -277*s + 23. Is v(-14) prime?
False
Let j(a) = 14*a - 5. Suppose 2*h + 5*w + 14 - 51 = 0, 2*h - 4*w = 64. Le